s of 1555879.
13, 29, 4127
List the prime factors of 10908927.
3, 1212103
List the prime factors of 909017.
19, 47843
List the prime factors of 250719.
3, 7, 11939
What are the prime factors of 13921896?
2, 3, 580079
What are the prime factors of 9115793?
277, 32909
List the prime factors of 8808197.
613, 14369
List the prime factors of 114352.
2, 7, 1021
List the prime factors of 3100355.
5, 47, 79, 167
What are the prime factors of 104147?
104147
List the prime factors of 18203.
109, 167
List the prime factors of 491365.
5, 7, 101, 139
List the prime factors of 3038806.
2, 23, 31, 2131
List the prime factors of 13040577.
3, 11, 157, 839
List the prime factors of 305219.
305219
What are the prime factors of 4487742?
2, 3, 7, 35617
List the prime factors of 183657.
3, 29, 2111
List the prime factors of 549375.
3, 5, 293
What are the prime factors of 2756124?
2, 3, 7, 10937
List the prime factors of 168166.
2, 47, 1789
What are the prime factors of 9093718?
2, 41, 110899
What are the prime factors of 3035299?
17, 61, 2927
List the prime factors of 6707644.
2, 1676911
What are the prime factors of 374358?
2, 3, 43, 1451
List the prime factors of 12988245.
3, 5, 677, 1279
List the prime factors of 3704681.
47, 78823
What are the prime factors of 317292?
2, 3, 137, 193
List the prime factors of 3438349.
3438349
List the prime factors of 1107013.
23, 48131
What are the prime factors of 162521?
331, 491
List the prime factors of 711463.
711463
List the prime factors of 744394.
2, 7, 53171
List the prime factors of 1486613.
83, 17911
List the prime factors of 3502475.
5, 29, 4831
List the prime factors of 156294.
2, 3, 19, 457
List the prime factors of 265228.
2, 61, 1087
List the prime factors of 153366.
2, 3, 25561
List the prime factors of 610296.
2, 3, 59, 431
List the prime factors of 4147857.
3, 7, 65839
What are the prime factors of 212169?
3, 197, 359
List the prime factors of 10471200.
2, 3, 5, 4363
What are the prime factors of 3784760?
2, 5, 7, 1931
List the prime factors of 1764138.
2, 3, 294023
List the prime factors of 15168827.
29, 31, 47, 359
What are the prime factors of 4503229?
373, 12073
What are the prime factors of 295082?
2, 147541
What are the prime factors of 283934?
2, 7, 17, 1193
What are the prime factors of 275296?
2, 7, 1229
What are the prime factors of 436588?
2, 109147
What are the prime factors of 983922?
2, 3, 163987
List the prime factors of 1882709.
29, 64921
What are the prime factors of 95191?
95191
What are the prime factors of 1323083?
37, 35759
What are the prime factors of 2528687?
7, 361241
List the prime factors of 555359.
7, 79337
List the prime factors of 2434.
2, 1217
What are the prime factors of 170058?
2, 3, 7, 4049
List the prime factors of 790319.
103, 7673
What are the prime factors of 647795?
5, 23, 43, 131
List the prime factors of 1745637.
3, 61, 9539
List the prime factors of 718499.
269, 2671
What are the prime factors of 29903307?
3, 7, 1423967
What are the prime factors of 3881955?
3, 5, 7, 11, 3361
List the prime factors of 6639268.
2, 1659817
What are the prime factors of 1148717?
389, 2953
List the prime factors of 5089333.
103, 49411
What are the prime factors of 5772448?
2, 11, 23, 31
What are the prime factors of 4250716?
2, 41, 25919
What are the prime factors of 721128?
2, 3, 30047
What are the prime factors of 10636102?
2, 5318051
What are the prime factors of 32125?
5, 257
List the prime factors of 17544420.
2, 3, 5, 29, 3361
List the prime factors of 236434.
2, 11, 977
What are the prime factors of 2745907?
2745907
What are the prime factors of 1317156?
2, 3, 19, 53, 109
What are the prime factors of 2012063?
23, 87481
What are the prime factors of 195818?
2, 7, 71, 197
What are the prime factors of 31519289?
31519289
List the prime factors of 5446986.
2, 3, 907831
What are the prime factors of 1262792?
2, 23, 6863
List the prime factors of 5220248.
2, 11, 137, 433
What are the prime factors of 397893?
3, 132631
List the prime factors of 1770621.
3, 590207
List the prime factors of 11904884.
2, 2976221
What are the prime factors of 75697?
59, 1283
What are the prime factors of 6035574?
2, 3, 941, 1069
List the prime factors of 1529003.
7, 113, 1933
List the prime factors of 1097699.
1097699
What are the prime factors of 998764?
2, 13, 19207
What are the prime factors of 3682345?
5, 736469
What are the prime factors of 300471?
3, 47, 2131
What are the prime factors of 330378?
2, 3, 17, 41, 79
What are the prime factors of 9440729?
17, 555337
What are the prime factors of 172812?
2, 3, 14401
List the prime factors of 3100573.
7, 63277
What are the prime factors of 5974092?
2, 3, 165947
What are the prime factors of 1133058?
2, 3, 188843
List the prime factors of 256636.
2, 83, 773
What are the prime factors of 2823716?
2, 7, 100847
List the prime factors of 575687.
7, 82241
What are the prime factors of 208053?
3, 23117
What are the prime factors of 21173763?
3, 13, 167, 3251
What are the prime factors of 194535?
3, 5, 11, 131
What are the prime factors of 45692?
2, 11423
List the prime factors of 6903465.
3, 5, 460231
List the prime factors of 1904392.
2, 7, 31, 1097
What are the prime factors of 915075?
3, 5, 7, 83
List the prime factors of 7013377.
7, 1001911
List the prime factors of 192761.
53, 3637
List the prime factors of 8295797.
727, 11411
List the prime factors of 820063.
17, 48239
List the prime factors of 327047.
7, 19, 2459
List the prime factors of 11392488.
2, 3, 17581
What are the prime factors of 900523?
13, 53, 1307
What are the prime factors of 3211162?
2, 61, 26321
List the prime factors of 171736.
2, 21467
What are the prime factors of 265821?
3, 88607
What are the prime factors of 11339924?
2, 31, 109, 839
What are the prime factors of 415805?
5, 13, 6397
What are the prime factors of 17872683?
3, 499, 11939
What are the prime factors of 223070?
2, 5, 22307
List the prime factors of 12433104.
2, 3, 86341
What are the prime factors of 2656626?
2, 3, 7, 43, 1471
List the prime factors of 948685.
5, 17, 11161
List the prime factors of 11457240.
2, 3, 5, 307, 311
List the prime factors of 12874546.
2, 191, 33703
List the prime factors of 10809.
3, 1201
List the prime factors of 15701016.
2, 3, 654209
What are the prime factors of 465326?
2, 232663
List the prime factors of 99554.
2, 7, 13, 547
List the prime factors of 22283020.
2, 5, 29, 103, 373
What are the prime factors of 42479?
107, 397
List the prime factors of 4501471.
13, 71, 4877
List the prime factors of 4991559.
3, 37, 193, 233
What are the prime factors of 2952166?
2, 7, 210869
List the prime factors of 251310.
2, 3, 5, 8377
List the prime factors of 10712635.
5, 17, 126031
What are the prime factors of 262998?
2, 3, 19, 769
What are the prime factors of 252493?
89, 2837
List the prime factors of 4836894.
2, 3, 199, 4051
List the prime factors of 6845032.
2, 41, 509
What are the prime factors of 6383308?
2, 1595827
What are the prime factors of 39272?
2, 4909
What are the prime factors of 511590?
2, 3, 5, 17053
What are the prime factors of 14176800?
2, 3, 5, 11, 179
List the prime factors of 5103193.
113, 45161
What are the prime factors of 400958?
2, 433, 463
List the prime factors of 9768151.
47, 207833
List the prime factors of 134588.
2, 33647
What are the prime factors of 3327813?
3, 43, 8599
What are the prime factors of 188450?
2, 5, 3769
List the prime factors of 1250479.
1250479
What are the prime factors of 2397240?
2, 3, 5, 6659
List the prime factors of 32229024.
2, 3, 335719
List the prime factors of 1645847.
7, 191, 1231
What are the prime factors of 10342376?
2, 11, 211, 557
What are the prime factors of 7453592?
2, 73, 12763
What are the prime factors of 1124615?
5, 37, 6079
List the prime factors of 20299867.
7, 414283
What are the prime factors of 574084?
2, 7, 29, 101
What are the prime factors of 856139?
856139
What are the prime factors of 30232?
2, 3779
What are the prime factors of 574824?
2, 3, 43, 557
List the prime factors of 6788735.
5, 457, 2971
What are the prime factors of 3555873?
3, 17, 61, 127
What are the prime factors of 89644?
2, 73, 307
What are the prime factors of 1572198?
2, 3, 157, 1669
List the prime factors of 892581.
3, 89, 3343
List the prime factors